 what is 1410441 + -41123?
1314313
In base 8, what is 54370 - -76372?
152762
In base 12, what is -129317 - -112?
-129205
In base 10, what is -29638200 + 11?
-29638189
In base 10, what is 64575 + -86?
64489
In base 3, what is -20102001110011 + 11?
-20102001110000
In base 9, what is -318 + -1007225?
-1007544
In base 8, what is -6 - -15545755?
15545747
In base 2, what is 1100101100101011100111001 - 11?
1100101100101011100110110
In base 10, what is -43 + 495146?
495103
In base 12, what is 11b7 + 5357?
6552
In base 12, what is 16 - aa583?
-aa569
In base 14, what is 575a87 + -93?
5759d4
In base 10, what is 12758416 - -15?
12758431
In base 4, what is 323311 - -11230302?
12220213
In base 9, what is -3 + 1835883?
1835880
In base 4, what is -111331300 - 222?
-111332122
In base 6, what is -2251 - 33300?
-35551
In base 10, what is 4 - 1113151?
-1113147
In base 6, what is 511031 - 1432?
505155
In base 5, what is 11230 + 12022014?
12033244
In base 4, what is -131233 - -100131221?
33333322
In base 11, what is -2a78 - -18048?
15080
In base 5, what is 0 - 3023112032?
-3023112032
In base 13, what is -6ac9b + 89?
-6ac12
In base 12, what is b037ba - 0?
b037ba
In base 8, what is -24445 + 470?
-23755
In base 14, what is -5c3 - -1ad14?
1a731
In base 15, what is 3d53 - 1c8e?
20b4
In base 3, what is -20 + -21222020010021?
-21222020010111
In base 6, what is 502113042 + 1?
502113043
In base 4, what is -1 - 3323313300012?
-3323313300013
In base 9, what is 28851 - -51?
30012
In base 7, what is 3 - -55141442?
55141445
In base 11, what is 4 + 2a87a9?
2a8802
In base 11, what is 2a0540026 + 5?
2a0540030
In base 15, what is 3 + 3b3480e?
3b34812
In base 6, what is 50223104 + 2?
50223110
In base 16, what is -3d2d + 30?
-3cfd
In base 9, what is 7635 + -358?
7266
In base 15, what is 40a4b - -14?
40a60
In base 15, what is 12 + -701b84?
-701b72
In base 5, what is -423 + -1440213?
-1441141
In base 3, what is 101022000111212210 + 10?
101022000111212220
In base 13, what is -664ac8 + -3?
-664acb
In base 4, what is 11 - 133002313202?
-133002313131
In base 12, what is -9 + -45a6223?
-45a6230
In base 12, what is -190b9 - -a4b?
-1826a
In base 5, what is -303420134 - 34?
-303420223
In base 14, what is 3 - b65400b?
-b654008
In base 6, what is 45524 - -13351?
103315
In base 2, what is -1000001110 - 1010000001111?
-1011000011101
In base 10, what is -39591 - 5268?
-44859
In base 3, what is -2002 + 22202101202202?
22202101200200
In base 3, what is 1000010211211122 - 11?
1000010211211111
In base 16, what is 1 - 1037a5?
-1037a4
In base 12, what is 69 + 23523a?
2352a7
In base 6, what is -204121501 - 30?
-204121531
In base 14, what is 482 + -537?
-95
In base 7, what is 343113 - 114412?
225401
In base 9, what is -325 - 32717?
-33143
In base 2, what is -1 - -101101000010100100110010?
101101000010100100110001
In base 13, what is -28 - 9471a6?
-947201
In base 12, what is 4924b + -5b?
491b0
In base 3, what is 10210 - -100121002111?
100121020021
In base 7, what is -4410 + -205036?
-212446
In base 8, what is 12 + -114120471?
-114120457
In base 8, what is -57154440 + 5?
-57154433
In base 2, what is 11000001100100011001011110 - 1?
11000001100100011001011101
In base 12, what is 102b9457 + -1?
102b9456
In base 5, what is -2 - 2320020024?
-2320020031
In base 6, what is -515122 - -12453?
-502225
In base 13, what is 87c61bb + -4?
87c61b7
In base 9, what is 38176 + -1323?
36753
In base 16, what is -1312 - 904?
-1c16
In base 14, what is 77d9 + -11cc?
660b
In base 5, what is -11 + -303131?
-303142
In base 8, what is 2 - 11374374?
-11374372
In base 4, what is -11032110 + -11210?
-11103320
In base 2, what is 1001010111100010110101 + -1?
1001010111100010110100
In base 7, what is -21340 + -55312?
-106652
In base 16, what is -1 + 39c38?
39c37
In base 7, what is 124154563 + 5?
124154601
In base 9, what is -1151262 - -2436?
-1147725
In base 6, what is 3 + 551400230?
551400233
In base 16, what is 8e + 11985?
11a13
In base 8, what is 50 - 34271436?
-34271366
In base 13, what is 1550 - 31c68?
-30718
In base 2, what is -1010 + -10100011110111111111?
-10100011111000001001
In base 10, what is -9 - 15616959?
-15616968
In base 11, what is 15 - -12490?
124a5
In base 7, what is 1241 + -153341?
-152100
In base 7, what is 3412 - -1211343?
1215055
In base 14, what is -5 + -b191d6?
-b191db
In base 13, what is -66a1452 - -5?
-66a144a
In base 15, what is 9a3 - -c55?
1708
In base 10, what is -112766 + -2260?
-115026
In base 10, what is -916159 - 0?
-916159
In base 8, what is -3124552 - 134?
-3124706
In base 6, what is -2003431011 - 130?
-2003431141
In base 8, what is -401 - 3135451?
-3136052
In base 16, what is 5 - -371f4d0?
371f4d5
In base 3, what is 2 + -22211201001120?
-22211201001111
In base 7, what is -1623452 + 0?
-1623452
In base 11, what is 1957434 - -5?
1957439
In base 7, what is -220 - 106534?
-110054
In base 13, what is -370 - 620?
-990
In base 5, what is 2 - -31332011323?
31332011330
In base 13, what is a - -2505?
2512
In base 16, what is -159 + 65015?
64ebc
In base 8, what is -17724160 + -2?
-17724162
In base 10, what is 11 - -20609414?
20609425
In base 6, what is 112412330 - 104?
112412222
In base 13, what is 13 - 282515?
-282502
In base 12, what is -2 + -657156a?
-6571570
In base 3, what is -21001212112 + 1?
-21001212111
In base 14, what is 2358 - -40a?
2764
In base 15, what is -8990 - 346?
-8cd6
In base 15, what is 99e8 - -1879?
b372
In base 8, what is 4 - -11600565?
11600571
In base 16, what is -1c3288 - -e?
-1c327a
In base 2, what is 10 + 1110101001000111101111011010?
1110101001000111101111011100
In base 9, what is 688725027 + -4?
688725023
In base 16, what is f77b1cc - 2?
f77b1ca
In base 12, what is -25810984 - -b?
-25810975
In base 13, what is -aa10 + -12?
-aa22
In base 12, what is 9a884b + 5?
9a8854
In base 3, what is -2001010101 + -2212?
-2001020020
In base 7, what is -3616150 + 240?
-3615610
In base 2, what is -101101100001001101001 + -1101?
-101101100001001110110
In base 6, what is 14 - 315204000?
-315203542
In base 6, what is -4 - -1112021024?
1112021020
In base 2, what is 0 + 10010000101011011110001?
10010000101011011110001
In base 14, what is 949 - 54253?
-53708
In base 12, what is 184a86 - 18?
184a6a
In base 2, what is -111010001000010001 - 11101001011?
-111010100101011100
In base 4, what is -10020230 - 12032?
-10032322
In base 16, what is 926ea8 + 6?
926eae
In base 13, what is 17843 + -32?
17811
In base 9, what is -23614 - -472?
-23132
In base 15, what is -3 + -d542764?
-d542767
In base 14, what is da0 + 8616?
95b6
In base 9, what is 3366 - -3100?
6466
In base 15, what is 57 + -14620?
-145b8
In base 7, what is 4602312 - -44?
4602356
In base 6, what is 33112035 + -11?
33112024
In base 10, what is -5005 + -2538?
-7543
In base 13, what is 32 - 2810c4?
-281092
In base 4, what is -122 + 101231110120?
101231103332
In base 14, what is -3c75978 - 4?
-3c7597c
In base 16, what is 1e06a - -329?
1e393
In base 4, what is 1 + 1323232021022?
1323232021023
In base 10, what is 2583789 - -7?
2583796
In base 12, what is -28028b96 - -2?
-28028b94
In base 14, what is -80 + -52b321?
-52b3a1
In base 13, what is 2ac587 + c?
2ac596
In base 4, what is -11 + 10032313303?
10032313232
In base 13, what is ca040a + 0?
ca040a
In base 15, what is 4dd7 - -998?
5880
In base 11, what is 5323a - -37?
53276
In base 11, what is 50455 - 2184?
49281
In base 15, what is -2a + -10a4808?
-10a4833
In base 8, what is -17663 + -52?
-17735
In base 8, what is -2 - 2705664?
-2705666
In base 3, what is 2 - 2211202010011222?
-2211202010011220
In base 13, what is -40a8a - -1b8?
-408a2
In base 12, what is 21472 - -1079?
2252b
In base 11, what is -3a088141 + -1?
-3a088142
In base 4, what is -2100310 + 1012?
-2033232
In base 6, what is -225 - 220554?
-221223
In base 9, what is -1336 - 2586?
-4033
In base 6, what is -223045325 - 2?
-223045331
In base 16, what is 10 + -2792c0?
-2792b0
In base 15, what is 1 - -6cbe8c?
6cbe8d
In base 12, what is -7a + -2486a9?
-248767
In base 16, what is 7722 - -3370?
aa92
In base 14, what is -116081 + -11?
-116092
In base 8, what is -3 - 130151076?
-130151101
In base 6, what is -423 + 242524?
242101
In base 11, what is 35 + 1929751?
1929786
In base 11, what is 0 + -6746a900?
-6746a900
In base 9, what is -35671 + -11818?
-47600
In b